(115)?
-44
Let b(i) = 146965*i + 293343. Determine b(-2).
-587
Let t(q) = -q**3 - 196*q**2 - 1863*q - 447. Give t(-186).
111
Let n(s) = 91724*s + 1742745. What is n(-19)?
-11
Let m(w) = -29*w + 4741. What is m(163)?
14
Let q(u) = -1084*u - 276421. What is q(-255)?
-1
Let s(a) = 67225*a - 537793. What is s(8)?
7
Let p(a) = -2*a**3 - 1448*a**2 - 173885*a + 1714. Give p(-572).
-2
Let h(o) = 2*o**3 - 51*o**2 - 18*o + 1095. Calculate h(25).
20
Let o(k) = 14*k**3 - 2902*k**2 + 817*k + 1665. What is o(207)?
-612
Let y(v) = v**3 + 740*v**2 - 4488*v - 8970. Give y(-746).
-18
Let y(k) = -54*k**2 - 4208*k + 224. What is y(-78)?
-88
Let d(t) = 1894415*t - 3788827. Determine d(2).
3
Let t(v) = v**2 - 223*v - 38. Calculate t(219).
-914
Let c(h) = h**3 + 36*h**2 + 221*h + 486. Determine c(-29).
-36
Let t(b) = -4*b**2 - 1129*b - 19107. Determine t(-18).
-81
Let i(s) = 119275*s - 4413168. What is i(37)?
7
Let h(w) = -3*w**2 + 8*w + 260. Give h(11).
-15
Let z(t) = -t**3 + 15*t**2 + 902*t - 5303. Calculate z(36).
-47
Let i(c) = 681*c**2 - 39495*c + 52. Calculate i(58).
226
Let n(h) = 6*h**2 + 2211*h + 92296. What is n(-48)?
-8
Let t(g) = -342*g**2 + 98838*g + 22. Give t(289).
22
Let t(h) = -32*h**2 - 357*h + 2048. Calculate t(4).
108
Let h(c) = 16*c**3 - 1155*c**2 + 237*c - 1486. Calculate h(72).
26
Let k(i) = i**2 + 218*i + 6650. Give k(-37).
-47
Let t(k) = -k**2 + 354205*k + 8855748. Calculate t(-25).
-2
Let g(u) = -24*u**2 - 449*u - 24. Determine g(-18).
282
Let o(d) = 27*d**2 + 1877*d + 8715. Calculate o(-5).
5
Let z(m) = -435458*m + 3483669. What is z(8)?
5
Let g(y) = 13*y**2 + 10300*y + 290700. Give g(-763).
-3
Let v(s) = -3*s**2 + 9*s - 80. Determine v(-7).
-290
Let z(c) = -c**3 - 17*c**2 + 3*c - 746. Calculate z(-18).
-476
Let i(y) = 49*y + 2046. Determine i(-31).
527
Let n(t) = t**3 + 38*t**2 + 107*t - 82. Calculate n(-35).
-152
Let w(n) = -2*n**2 + 2152*n - 344928. Determine w(196).
32
Let q(f) = -f**3 + 66*f**2 - 671*f + 49438. What is q(67)?
-8
Let d(t) = -104*t**3 + 4577*t**2 - 56*t + 565. Determine d(44).
37
Let t(i) = 5*i**2 - 1137*i - 14649. Give t(-13).
977
Let p(b) = -89*b**3 + 692*b**2 - 481*b - 25. What is p(7)?
-11
Let z(q) = 24*q - 1681. Determine z(66).
-97
Let f(y) = -4*y**3 + 5*y**2 + 8944*y + 44129. Give f(-5).
34
Let r(h) = 19*h**3 + 120*h**2 - 259*h - 28. Give r(-8).
-4
Let a(v) = -3898*v - 880955. Determine a(-226).
-7
Let u(b) = 10*b**2 - 118*b - 2728. Determine u(18).
-1612
Let m(o) = 3*o**3 + 43*o**2 + 105*o + 236. Give m(-12).
-16
Let w(q) = -q**3 + 142*q**2 + 1161*q + 6048. What is w(150)?
198
Let s(n) = 2*n**3 - 195*n**2 + 199*n - 9704. Give s(97).
190
Let t(x) = -191*x - 22498. Calculate t(-119).
231
Let u(k) = -16718*k**2 - 1136821*k + 192. Give u(-68).
-12
Let y(r) = 22*r**3 + 2172*r**2 + 1517*r - 4997. Give y(-98).
1
Let p(t) = -2*t**3 + 227*t**2 + 350*t - 1149. Calculate p(115).
-574
Let k(b) = 355371*b + 8528898. Give k(-24).
-6
Let v(r) = -27*r**2 - 15*r + 254. Determine v(4).
-238
Let c(d) = 10*d**2 - 224*d - 271. Give c(14).
-1447
Let q(u) = 148*u + 2509. Calculate q(-19).
-303
Let k(a) = -2154*a**2 + 10756*a + 74. Calculate k(5).
4
Let l(u) = -15*u**2 - 4236*u - 71374. Determine l(-18).
14
Let k(r) = -r**3 - 53*r**2 - 125*r - 3. What is k(-50)?
-1253
Let r(y) = -y**2 + 134*y + 453903. What is r(744)?
63
Let l(p) = 4026*p - 48309. Give l(12).
3
Let m(j) = 4982*j + 164377. Determine m(-33).
-29
Let q(z) = -12593*z + 11431. Determine q(1).
-1162
Let c(y) = -y**3 - 2881*y**2 + 17535*y + 614939. Determine c(-2887).
8
Let a(m) = -m**2 - 97*m - 122. What is a(-4)?
250
Let r(p) = -p**3 - 139*p**2 - 684*p + 5. Determine r(-5).
75
Let b(q) = -2*q**3 + 32*q**2 - 11*q - 424. What is b(14)?
206
Let k(m) = m**3 + 1080*m**2 + 28445*m + 14753. Determine k(-1053).
11
Let g(s) = -10*s**3 + 4900*s**2 - 5*s + 2256. Calculate g(490).
-194
Let h(p) = 4*p**3 + 2*p**2 + 3*p - 61. Determine h(7).
1430
Let l(s) = s**3 + 7*s**2 - 21*s - 56. Calculate l(-9).
-29
Let z(o) = -o**3 - o**2 - 394*o - 255. What is z(0)?
-255
Let p(l) = 4*l**2 + 380*l - 219. What is p(-95)?
-219
Let x(h) = 992*h - 51619. What is x(52)?
-35
Let f(y) = 2*y**3 + 98*y**2 - 3526*y + 541. Determine f(24).
13
Let r(j) = 28967*j - 260517. What is r(9)?
186
Let j(f) = 621518*f - 2486064. Determine j(4).
8
Let b(t) = 243435*t + 4138388. What is b(-17)?
-7
Let p(r) = 13*r**3 - 115*r**2 + 272*r - 172. What is p(6)?
128
Let c(h) = 3*h**3 + 204*h**2 - 125*h - 8529. Determine c(-68).
-29
Let v(k) = 2*k**2 + 5130*k - 256128. What is v(49)?
44
Let r(u) = 75*u**2 + 31*u - 120. Give r(3).
648
Let p(r) = 8*r**2 + 611*r - 4656. What is p(7)?
13
Let m(w) = 540*w - 77244. Give m(143).
-24
Let h(u) = -2379*u**2 + 540031*u + 444. Determine h(227).
-10
Let p(b) = b + 204. Give p(1).
205
Let i(x) = 58481*x + 6140496. Give i(-105).
-9
Let h(l) = l**3 + 4*l**2 + 3686*l + 18395. Determine h(-5).
-60
Let y(q) = -814*q + 3137. Calculate y(3).
695
Let y(g) = 42*g**2 + 215*g - 1046. What is y(5)?
1079
Let j(f) = -f**3 - 101*f**2 + 31*f - 307. Give j(-101).
-3438
Let y(u) = u**2 - 2329*u - 704596. Give y(-271).
4
Let s(t) = -t**3 + 46*t**2 - 499*t - 207. What is s(29)?
-381
Let j(y) = -70*y + 7102. What is j(112)?
-738
Let m(q) = 10*q**3 - 28*q**2 - 48*q + 132. Determine m(2).
4
Let i(u) = -9*u**3 + 5727*u**2 - 1858*u - 31775. Calculate i(636).
25
Let n(x) = -x**3 - 40*x**2 + 158*x + 6311. Give n(-40).
-9
Let u(z) = -927707*z + 1855366. Calculate u(2).
-48
Let l(x) = -x**3 + 98*x**2 - 559*x + 26031. What is l(95)?
1
Let z(d) = -3*d**3 - 350*d**2 + 1193*d - 619. Give z(-120).
221
Let x(b) = b**2 - 7066*b + 364429. Determine x(52).
-299
Let t(i) = 2*i**3 - 181*i**2 + 1014*i - 8. Calculate t(6).
-8
Let l(z) = 265*z**2 + 98*z + 501. Determine l(-5).
6636
Let f(l) = 252575*l + 252612. What is f(-1)?
37
Let k(f) = -18*f**2 - 195*f + 456. Calculate k(-17).
-1431
Let r(m) = 2764*m - 2178041. What is r(788)?
-9
Let n(l) = -4*l + 979. Calculate n(156).
355
Let m(n) = 3*n**3 + 199*n**2 - 2326*n + 18. Determine m(10).
-342
Let d(g) = 18*g**3 + 223*g**2 - 508*g + 4. Determine d(2).
24
Let u(x) = -3*x**3 + 336*x - 947. Determine u(3).
-20
Let m(n) = -24*n**2 - 8389*n - 29411. What is m(-346)?
-1
Let h(q) = 4*q**2 - 1817*q - 25772. Give h(468).
-32
Let q(u) = -84*u**2 + 80178*u + 40093. Calculate q(955).
-17
Let h(m) = -10*m**2 + 2359*m + 133324. What is h(283)?
31
Let t(o) = -1116*o - 150480. Determine t(-135).
180
Let b(n) = -718*n + 20404. Calculate b(28).
300
Let s(o) = 861*o - 1746. What is s(2)?
-24
Let q(t) = 5354*t - 21413. What is q(4)?
3
Let j(c) = c**3 - 256*c**2 - 1371*c + 17215. Give j(261).
-11
Let j(x) = -770*x - 84134. Give j(-109).
-204
Let b(c) = 85*c**2 - 661*c + 1285. Determine b(5).
105
Let g(p) = -p**2 + 1109*p - 126415. Calculate g(129).
5
Let k(a) = -1885*a - 11273. Calculate k(-6).
37
Let r(h) = -h**3 + 91*h**2 + 4359*h - 7669. Give r(-36).
-1
Let m(o) = 87*o**2 - 1518*o - 12037. Determine m(-8).
5675
Let s(w) = 5953*w + 375036. Calculate s(-63).
-3
Let f(o) = 7918*o + 8337. Calculate f(-1).
419
Let f(o) = 3*o**3 - 154*o**2 + 6*o - 6182. Give f(52).
-462
Let f(i) = -5*i**3 + 22*i**2 + 603*i - 2936. What is f(5)?
4
Let m(t) = -15923*t + 1974457. Calculate m(124).
5
Let f(y) = -y**3 - 7*y**2 + 180*y - 55. Give f(10).
45
Let k(d) = 455*d - 13150. Calculate k(29).
45
Let g(v) = -8*v**2 + 116*v - 397. Give g(5).
-17
Let u(l) = 1754*l + 20084. What is u(-11)?
790
Let t(k) = -38694*k + 193474. What is t(5)?
4
Let z(o) = -2*o**3 + 20*o**2 + 5886*o - 53152. What is z(9)?
-16
Let p(w) = -3*w**3 - 45*w**2 - 226*w + 229. Calculate p(-10).
989
Let f(g) = 5*g**3 - 4*g**2 - 196*g + 216. Determine f(7).
363
Let n(z) = z**2 + 476*z + 18632. Give n(-43).
13
Let h(c) = 5636*c + 107129. What is h(-19)?
45
Let b(z) = 26*z**2 - 7080*z + 23139. Give b(269).
5
Let u(t) = -7*t**3 - 2534*t**2 + 2*t + 814. What is u(-362)?
90
Let f(h) = 15224*h - 152369. Determine f(10).
-129
Let t(a) = 984*a - 3922. Calculate t(4).
14
Let k(a) = -2*a**3 - 53*a**2 + 1486*a + 39386. Determine k(-27).
-7
Let t(c) = 476*c - 118301. Calculate t(247).
-729
Let b(p) = p**3 - 21*p**2 - 58*p + 141. Determine b(-4).
-27
Let j(i) = 685*i + 101046. Determine j(-148).
-334
Let a(s) = s**3 - 485*s**2 + 806*s + 77256. Calculate a(483).
-24
Let d